 5*n = m - 0. List the prime factors of n.
2, 5
Suppose -2*g - 5 = 7. Let l = g - -9. Suppose -w - 34 = -p - 2*p, l*p + 2*w = 31. List the prime factors of p.
11
Let d(t) = -7*t - 12. List the prime factors of d(-6).
2, 3, 5
Suppose -3*a = -a - 132. What are the prime factors of a?
2, 3, 11
What are the prime factors of (-8)/(-10) - 1384/(-20)?
2, 5, 7
Let b(m) = 11*m**2 + 6. List the prime factors of b(-4).
2, 7, 13
Suppose 5*x - 2 = -3*c + 6, 28 = 5*c + x. Suppose 0 = -3*y + c*y. Suppose -2*s + 2 + 4 = y. What are the prime factors of s?
3
Let n = -7 + 9. Let h be ((-48)/9)/(n/(-9)). Suppose 0 = -5*u + h + 21. What are the prime factors of u?
3
Suppose 2*b - b + 1505 = 5*r, -3*r = 2*b - 890. What are the prime factors of r?
2, 3, 5
Let b = -122 + 74. Let o = -16 - b. What are the prime factors of o?
2
Let q be 3/4*-1*-4. Suppose -q*g + 34 = 3*m + 13, -g = -5*m - 19. List the prime factors of g.
3
Let z(h) be the second derivative of -h**3/3 + h**2/2 - 8*h. List the prime factors of z(-2).
5
Suppose 11 + 5 = 4*l. Suppose -l*y = -43 - 1. What are the prime factors of y?
11
Let t(l) be the first derivative of -3*l**2 + 7*l + 4. List the prime factors of t(-7).
7
Let z(m) = -m**3 - m**2 + m + 1. Let o be z(-2). Suppose -3*j + 7 + 23 = 3*c, o*j = 3*c - 18. List the prime factors of c.
2
Suppose -5*x = -2*x - 108. Let k = x + -17. List the prime factors of k.
19
Let d(c) = -c**2 + 2*c - 1. Let n be d(1). Let j = 2 - n. Suppose w - j*w + 3 = 0. What are the prime factors of w?
3
Let n = 123 + -83. List the prime factors of n.
2, 5
Suppose -2*b - 30 = -y, -y - 2 + 4 = 5*b. Let r = y + -37. List the prime factors of (-71)/(-5) - (-3)/r.
2, 7
Suppose 0 = 5*o - 16 - 29. What are the prime factors of o?
3
Suppose x - 2*w = 3*x - 102, 3*x = 5*w + 185. List the prime factors of x.
5, 11
Suppose -3*v = -15, 0 = -3*z - v + 109 + 28. What are the prime factors of z?
2, 11
Suppose 2*q = -5*r - 12 - 4, 3*r + 12 = 0. Let i = q + 1. What are the prime factors of (18/i)/((-6)/(-4))?
2
Suppose 5*w - 2*h = 458, -2*w - 272 = -5*w + 4*h. Suppose 4*c - w = b, -5*c + 9*b + 115 = 4*b. List the prime factors of c.
23
Let t(m) = m + 2. Suppose -5*h = -0*h - 55. What are the prime factors of t(h)?
13
Let c(f) = f**3 + 3*f**2 + 2*f + 2. Let g be c(-2). Suppose 3*z + g*z = 45. What are the prime factors of z?
3
Suppose 5*v + 2*v = 343. Let o = v + -18. List the prime factors of o.
31
Suppose -d + 14 = d. Suppose u - 6*u - 10 = 0, 3*l + 2*u = 38. Let p = l - d. List the prime factors of p.
7
Let r be 49/((-2)/(8/(-4))). Suppose r = 5*a - 111. What are the prime factors of a?
2
Suppose -2*a + b + 298 = 49, 5*a - 630 = 5*b. What are the prime factors of a?
3, 41
Suppose -4*r + 599 = -129. What are the prime factors of r?
2, 7, 13
List the prime factors of (4 - 5)/(1*3/(-45)).
3, 5
Suppose 5*i = -148 + 728. Suppose 0 = -4*t + q + 2*q + 180, 2*t + 5*q = i. What are the prime factors of t?
2, 3
Suppose 0 = -2*z + 5*m + 253, -2*m = -4*z - 3*m + 495. What are the prime factors of z?
2, 31
Let w(z) = z**2 + 5. List the prime factors of w(0).
5
Suppose -2*b + 4*w = -26, 2 = -4*b + 2*b - 3*w. Let f(g) = 3 - 1 + 2 + g. What are the prime factors of f(b)?
3
Let k(v) be the third derivative of v**6/120 + v**5/60 + 2*v**3 + v**2. Let x(a) = -a**2 - 5*a. Let s be x(-5). List the prime factors of k(s).
2, 3
Let a(s) = s**2 + 8*s. List the prime factors of a(-13).
5, 13
Let b(u) be the second derivative of u**4/12 + u**3/6 - u**2/2 + u. List the prime factors of b(-4).
11
Suppose 0*i - i + 7 = 0. Suppose -4*t - i - 13 = -y, 3*t = -2*y - 4. What are the prime factors of y?
2
Let b = 4 - 3. Let k be b*(2 - 6/3). Suppose -3*o + 0*o + 21 = k. What are the prime factors of o?
7
Let r(b) = -6*b - 9. Let t be r(-6). Let w = t - -85. What are the prime factors of 2/(-11) - w/(-11)?
2, 5
Suppose 12 = 2*f + 2*f, 2*h - 5*f - 61 = 0. List the prime factors of h.
2, 19
Suppose -2*m = -3*z - 43, -3*z - 11 - 37 = -3*m. Let c = -6 - z. What are the prime factors of c?
5
Let n be (-4)/(-18) - (-166)/(-18). Let x = n - -19. Suppose -x = -5*m + 20. List the prime factors of m.
2, 3
What are the prime factors of ((-4)/(-5))/((-16)/(-520))?
2, 13
Let f(i) = -i**3 + 5*i**2 + 6*i + 3. Let j be f(6). Suppose -2 = -x - j. Let u = 1 - x. What are the prime factors of u?
2
Let w(t) = 2*t + 1. Let l be w(1). Let q(o) = -2*o**2 - l*o**2 + 5 + 4*o**2 - 7*o. List the prime factors of q(-6).
11
What are the prime factors of ((-16)/(-12))/((-2)/(-69))?
2, 23
Suppose 70 = 5*l - 0*l. Suppose 2*w + l - 38 = 0. List the prime factors of w.
2, 3
Let j(f) = 14*f**2 + 6*f - 18. List the prime factors of j(4).
2, 5, 23
Suppose 2*g - 4*m + 2 = 0, 0*g + 4*g = 4*m - 4. Let j = 10 + g. List the prime factors of j.
3
Suppose 2*t = -3*g + 35 - 12, t - 4 = 0. Suppose -w + g*z - 11 = 0, z = -4*w + 3*w + 13. List the prime factors of w.
3
Suppose 0 = -h + 12 + 25. List the prime factors of h.
37
Let h be (2/(-5))/((-8)/360). Suppose h = -f - f. Let r(y) = y**2 + 9*y + 6. What are the prime factors of r(f)?
2, 3
Suppose 2*h - 44 = -2*h. Suppose -2*i + 1 + h = 0. What are the prime factors of (-4)/i + 35/3?
11
Let p(n) = -n**3 + 9*n**2 - 7*n + 5. What are the prime factors of p(8)?
13
Suppose -4 + 12 = -4*n. List the prime factors of n/4*(1 + -83).
41
Let c(m) = m**3 - 4*m**2 + 4*m - 1. Let l be c(3). Let q = 0 + l. Suppose 3*w + q - 3 = -a, 5*a - w = 53. List the prime factors of a.
2, 5
Let p(d) = -d**3 - 3*d**2 + d - 2. Let m be 2/(-7) - 78/21. What are the prime factors of p(m)?
2, 5
Let o(u) be the first derivative of 3*u**2/2 - u - 2. Suppose -4*r - 4*w = -20, 2*r - 2*w = -0*r - 2. List the prime factors of o(r).
5
Suppose -9*c = 8*c - 3689. List the prime factors of c.
7, 31
Suppose f - 52 = 68. Suppose -2*x = 3*x - f. What are the prime factors of x?
2, 3
Let k be (3 - 13)/(-3 - -2). Let w = 16 + k. What are the prime factors of w?
2, 13
Suppose -4*d + 57 - 25 = 0. Let s be (1 - d - -2)/(-1). Suppose 3*j - 4 = s. What are the prime factors of j?
3
Suppose -20 = -c - c + 4*h, 4*c = 3*h + 50. Let u(n) = -5*n + 1. Let g be u(-1). Let r = c - g. List the prime factors of r.
2
Let u(z) = -z**2 - 11*z - 4. List the prime factors of u(-7).
2, 3
Let h(y) = -y**3 + 9*y**2 + 11*y - 1. Let c be h(10). Let t be -1*c - (-3 - -3). Let r = 21 + t. What are the prime factors of r?
2, 3
Let z(f) = -f**2 - f. Let p(i) = -2*i**2 + 9*i + 5. Let t(j) = p(j) - 3*z(j). List the prime factors of t(-12).
5
Let r be -8*2/((-4)/1). Suppose r*s + 6 - 22 = 0. Suppose p + p = 2*q + 40, 2*p - s*q - 50 = 0. What are the prime factors of p?
3, 5
Let n(x) = 14*x - 2. List the prime factors of n(2).
2, 13
Let w = 48 + -16. What are the prime factors of w?
2
Suppose -18 = -q - 5*h + 54, -h = -4*q + 393. List the prime factors of q.
97
Let r = -9 + 23. Suppose 0 = -m + 2*m - r. List the prime factors of m.
2, 7
Suppose -3*v = -s - 10 - 3, 18 = -s + 4*v. Suppose s*u = -2*k - 20, 3*k - 3*u + 40 = -8*u. Let r(y) = -3*y + 7. List the prime factors of r(k).
2, 11
Let l(d) = 17*d**2 + 2*d**2 - 1 + 4*d**2. List the prime factors of l(-1).
2, 11
Suppose 0 = -4*c + 4, 0 = -4*l - 2*c + 17 + 49. List the prime factors of l.
2
Let x be 5 + 2*(-2)/4. Suppose -2*t + 0 = -5*w + 8, 0 = -x*w + 3*t + 12. Suppose w = -2*y - i + 5 + 14, 4*y - 63 = 3*i. List the prime factors of y.
2, 3
Let n be 2 + 0 + 4 - 0. Suppose 0 = x - n + 1. Suppose -5*z + k = -63, -x*z + 76 = 2*k + 22. List the prime factors of z.
2, 3
Let y be 5*3/(-12)*4. Let g = y + 16. Let x = -5 + g. List the prime factors of x.
2, 3
Suppose 3*f = 5*v + 123, 4*v + f = -66 - 29. Let w be (v/28)/(2/(-14)). Let q = -4 + w. What are the prime factors of q?
2
Let f be (12/(-15))/((-2)/5). List the prime factors of f/7 + 192/14.
2, 7
Let t(j) = j**3 - 8*j**2 + 9*j - 9. List the prime factors of t(8).
3, 7
Let y(f) = -15*f - 3. What are the prime factors of y(-3)?
2, 3, 7
Let t(b) = 2*b - 6. Let p be t(5). Suppose p*v - 4*j = 0, -2*v + 0*j - 2*j = 0. What are the prime factors of (v - 9)/(9/(-6))?
2, 3
Let g be 20 + 0 + 3 + -1. Let l = 6 + g. Suppose -l = -5*t + 2. What are the prime factors of t?
2, 3
Let f = 73 + 28. What are the prime factors of f?
101
Let i(f) = 27*f**3 - f**2 + f. Suppose h - 4*t = -19, -2*t - 3*t = 3*h - 28.